by 71.
68
What is the remainder when 9127 is divided by 11?
8
What is the remainder when 13833 is divided by 2304?
9
What is the remainder when 477 is divided by 237?
3
Calculate the remainder when 496 is divided by 120.
16
What is the remainder when 3019 is divided by 14?
9
What is the remainder when 89 is divided by 27?
8
What is the remainder when 144 is divided by 17?
8
What is the remainder when 70 is divided by 58?
12
What is the remainder when 3114 is divided by 80?
74
What is the remainder when 600 is divided by 549?
51
What is the remainder when 2317 is divided by 23?
17
Calculate the remainder when 229 is divided by 10.
9
What is the remainder when 339 is divided by 116?
107
What is the remainder when 1969 is divided by 58?
55
Calculate the remainder when 4933 is divided by 17.
3
What is the remainder when 27 is divided by 27?
0
Calculate the remainder when 675 is divided by 108.
27
Calculate the remainder when 19731 is divided by 66.
63
What is the remainder when 380 is divided by 105?
65
What is the remainder when 459 is divided by 104?
43
Calculate the remainder when 308 is divided by 48.
20
What is the remainder when 1811 is divided by 35?
26
Calculate the remainder when 23 is divided by 2.
1
What is the remainder when 1925 is divided by 137?
7
Calculate the remainder when 10291 is divided by 156.
151
Calculate the remainder when 121 is divided by 20.
1
What is the remainder when 1271 is divided by 25?
21
Calculate the remainder when 58 is divided by 13.
6
Calculate the remainder when 44 is divided by 12.
8
What is the remainder when 88 is divided by 67?
21
Calculate the remainder when 1911 is divided by 47.
31
What is the remainder when 25 is divided by 8?
1
What is the remainder when 507 is divided by 139?
90
Calculate the remainder when 8826 is divided by 109.
106
What is the remainder when 212 is divided by 29?
9
Calculate the remainder when 356 is divided by 18.
14
What is the remainder when 71 is divided by 53?
18
What is the remainder when 101 is divided by 30?
11
Calculate the remainder when 76 is divided by 39.
37
Calculate the remainder when 1168 is divided by 389.
1
Calculate the remainder when 1101 is divided by 2.
1
Calculate the remainder when 4800 is divided by 1588.
36
What is the remainder when 176 is divided by 30?
26
Calculate the remainder when 732 is divided by 32.
28
Calculate the remainder when 46 is divided by 23.
0
Calculate the remainder when 360 is divided by 1.
0
Calculate the remainder when 1876 is divided by 54.
40
What is the remainder when 22 is divided by 8?
6
What is the remainder when 394 is divided by 55?
9
Calculate the remainder when 50 is divided by 18.
14
What is the remainder when 356 is divided by 28?
20
Calculate the remainder when 3291 is divided by 20.
11
Calculate the remainder when 1039 is divided by 36.
31
Calculate the remainder when 3363 is divided by 86.
9
Calculate the remainder when 119 is divided by 45.
29
Calculate the remainder when 3239 is divided by 50.
39
What is the remainder when 112 is divided by 34?
10
What is the remainder when 589 is divided by 132?
61
Calculate the remainder when 159 is divided by 24.
15
Calculate the remainder when 162 is divided by 44.
30
What is the remainder when 68 is divided by 67?
1
Calculate the remainder when 140 is divided by 73.
67
Calculate the remainder when 3960 is divided by 1976.
8
What is the remainder when 2248 is divided by 10?
8
Calculate the remainder when 1113 is divided by 58.
11
What is the remainder when 746 is divided by 248?
2
Calculate the remainder when 843 is divided by 25.
18
Calculate the remainder when 51 is divided by 37.
14
Calculate the remainder when 29356 is divided by 367.
363
What is the remainder when 1151 is divided by 5?
1
What is the remainder when 758 is divided by 11?
10
What is the remainder when 992 is divided by 12?
8
What is the remainder when 5765 is divided by 31?
30
Calculate the remainder when 59938 is divided by 39.
34
What is the remainder when 169 is divided by 58?
53
What is the remainder when 453 is divided by 19?
16
What is the remainder when 172 is divided by 58?
56
Calculate the remainder when 1633 is divided by 634.
365
What is the remainder when 1581 is divided by 132?
129
Calculate the remainder when 282 is divided by 237.
45
Calculate the remainder when 36 is divided by 26.
10
Calculate the remainder when 71 is divided by 36.
35
Calculate the remainder when 48 is divided by 14.
6
What is the remainder when 198 is divided by 25?
23
Calculate the remainder when 873 is divided by 97.
0
What is the remainder when 1496 is divided by 7?
5
Calculate the remainder when 315 is divided by 25.
15
What is the remainder when 254 is divided by 142?
112
Calculate the remainder when 1756 is divided by 40.
36
Calculate the remainder when 272 is divided by 25.
22
What is the remainder when 1000 is divided by 6?
4
What is the remainder when 197 is divided by 64?
5
What is the remainder when 250 is divided by 50?
0
What is the remainder when 219 is divided by 204?
15
What is the remainder when 336 is divided by 13?
11
Calculate the remainder when 309 is divided by 105.
99
What is the remainder when 1563 is divided by 201?
156
Calculate the remainder when 663 is divided by 74.
71
What is the remainder when 296 is divided by 7?
2
Calculate the remainder when 90 is divided by 10.
0
Calculate the remainder when 2580 is divided by 34.
30
Calculate the remainder when 932 is divided by 104.
100
Calculate the remainder when 84 is divided by 1.
0
What is the remainder when 187 is divided by 44?
11
Calculate the remainder when 50 is divided by 25.
0
Calculate the remainder when 11936 is divided by 94.
92
Calculate the remainder when 246 is divided by 27.
3
What is the remainder when 550 is divided by 46?
44
What is the remainder when 3869 is divided by 32?
29
What is the remainder when 299 is divided by 43?
41
What is the remainder when 10698 is divided by 29?
26
Calculate the remainder when 546 is divided by 208.
130
Calculate the remainder when 654 is divided by 9.
6
What is the remainder when 1641 is divided by 12?
9
What is the remainder when 147 is divided by 35?
7
Calculate the remainder when 15742 is divided by 32.
30
Calculate the remainder when 1074 is divided by 218.
202
Calculate the remainder when 12012 is divided by 27.
24
What is the remainder when 1407 is divided by 47?
44
Calculate the remainder when 414 is divided by 13.
11
What is the remainder when 147 is divided by 126?
21
What is the remainder when 301 is divided by 4?
1
What is the remainder when 3811 is divided by 18?
13
Calculate the remainder when 3845 is divided by 8.
5
Calculate the remainder when 228 is divided by 12.
0
Calculate the remainder when 238 is divided by 79.
1
Calculate the remainder when 265 is divided by 133.
132
Calculate the remainder when 2654 is divided by 529.
9
What is the remainder when 227 is divided by 33?
29
Calculate the remainder when 170 is divided by 61.
48
What is the remainder when 1789 is divided by 39?
34
What is the remainder when 264 is divided by 13?
4
Calculate the remainder when 56 is divided by 25.
6
Calculate the remainder when 73 is divided by 38.
35
Calculate the remainder when 232 is divided by 148.
84
What is the remainder when 1350 is divided by 81?
54
What is the remainder when 42208 is divided by 221?
218
What is the remainder when 88 is divided by 30?
28
What is the remainder when 478 is divided by 52?
10
What is the remainder when 1636 is divided by 39?
37
What is the remainder when 197 is divided by 129?
68
Calculate the remainder when 278 is divided by 71.
65
What is the remainder when 105 is divided by 24?
9
What is the remainder when 1878 is divided by 24?
6
What is the remainder when 4315 is divided by 23?
14
Calculate the remainder when 110 is divided by 20.
10
What is the remainder when 319 is divided by 40?
39
Calculate the remainder when 1246 is divided by 126.
112
What is the remainder when 14996 is divided by 4?
0
What is the remainder when 1538 is divided by 172?
162
What is the remainder when 855 is divided by 11?
8
What is the remainder when 169 is divided by 57?
55
Calculate the remainder when 742 is divided by 58.
46
What is the remainder when 139 is divided by 16?
11